{"id":129,"date":"2022-01-26T18:37:37","date_gmt":"2022-01-26T18:37:37","guid":{"rendered":"https:\/\/www.karekod.org\/wabimenu\/?page_id=129"},"modified":"2022-01-26T20:15:55","modified_gmt":"2022-01-26T20:15:55","slug":"serpme-kahvalti","status":"publish","type":"page","link":"https:\/\/www.karekod.org\/wabimenu\/serpme-kahvalti\/","title":{"rendered":"Serpme Kahvalt\u0131"},"content":{"rendered":"","protected":false},"excerpt":{"rendered":"<p>Beyaz peynir, k\u0131zarm\u0131\u015f hellim, siyah zeytin, \u0131zgara ye\u015fil zeytin, kuru domates, domates, salatal\u0131k, biber, kasap sucuklu yumurta, f\u0131r\u0131nda patates, pekmez, tahin, Mevsim meyvesi,ek\u015fi mayal\u0131 ekmek(Probiyotik ve Prebiyotik ikramli) Demlik Siyah \u00c7ay e\u015fli\u011finde<\/p>\n","protected":false},"author":1,"featured_media":339,"parent":0,"menu_order":0,"comment_status":"closed","ping_status":"closed","template":"","meta":{"footnotes":""},"class_list":["post-129","page","type-page","status-publish","has-post-thumbnail","hentry"],"yoast_head":"<!-- This site is optimized with the Yoast SEO plugin v18.2 - https:\/\/yoast.com\/wordpress\/plugins\/seo\/ -->\n<title>Serpme Kahvalt\u0131 - Wabi Sabi<\/title>\n<meta name=\"robots\" content=\"index, follow, max-snippet:-1, max-image-preview:large, max-video-preview:-1\" \/>\n<link rel=\"canonical\" href=\"https:\/\/www.karekod.org\/wabimenu\/serpme-kahvalti\/\" \/>\n<meta property=\"og:locale\" content=\"tr_TR\" \/>\n<meta property=\"og:type\" content=\"article\" \/>\n<meta property=\"og:title\" content=\"Serpme Kahvalt\u0131 - Wabi Sabi\" \/>\n<meta property=\"og:description\" content=\"Beyaz peynir, k\u0131zarm\u0131\u015f hellim, siyah zeytin, \u0131zgara ye\u015fil zeytin, kuru domates, domates, salatal\u0131k, biber, kasap sucuklu yumurta, f\u0131r\u0131nda patates, pekmez, tahin, Mevsim meyvesi,ek\u015fi mayal\u0131 ekmek(Probiyotik ve Prebiyotik ikramli) Demlik Siyah \u00c7ay e\u015fli\u011finde\" \/>\n<meta property=\"og:url\" content=\"https:\/\/www.karekod.org\/wabimenu\/serpme-kahvalti\/\" \/>\n<meta property=\"og:site_name\" content=\"Wabi Sabi\" \/>\n<meta property=\"article:modified_time\" content=\"2022-01-26T20:15:55+00:00\" \/>\n<meta property=\"og:image\" content=\"https:\/\/www.karekod.org\/wabimenu\/wp-content\/uploads\/2022\/01\/indir.jpg\" \/>\n\t<meta property=\"og:image:width\" content=\"300\" \/>\n\t<meta property=\"og:image:height\" content=\"168\" \/>\n\t<meta property=\"og:image:type\" content=\"image\/jpeg\" \/>\n<meta name=\"twitter:card\" content=\"summary_large_image\" \/>\n<script type=\"application\/ld+json\" class=\"yoast-schema-graph\">{\"@context\":\"https:\/\/schema.org\",\"@graph\":[{\"@type\":\"WebSite\",\"@id\":\"https:\/\/www.karekod.org\/wabimenu\/#website\",\"url\":\"https:\/\/www.karekod.org\/wabimenu\/\",\"name\":\"Wabi Sabi\",\"description\":\"Do\u011fal \u015eeyler - At\u00f6lye &amp; Mutfak\",\"potentialAction\":[{\"@type\":\"SearchAction\",\"target\":{\"@type\":\"EntryPoint\",\"urlTemplate\":\"https:\/\/www.karekod.org\/wabimenu\/?s={search_term_string}\"},\"query-input\":\"required name=search_term_string\"}],\"inLanguage\":\"tr\"},{\"@type\":\"ImageObject\",\"@id\":\"https:\/\/www.karekod.org\/wabimenu\/serpme-kahvalti\/#primaryimage\",\"inLanguage\":\"tr\",\"url\":\"https:\/\/www.karekod.org\/wabimenu\/wp-content\/uploads\/2022\/01\/indir.jpg\",\"contentUrl\":\"https:\/\/www.karekod.org\/wabimenu\/wp-content\/uploads\/2022\/01\/indir.jpg\",\"width\":300,\"height\":168},{\"@type\":\"WebPage\",\"@id\":\"https:\/\/www.karekod.org\/wabimenu\/serpme-kahvalti\/#webpage\",\"url\":\"https:\/\/www.karekod.org\/wabimenu\/serpme-kahvalti\/\",\"name\":\"Serpme Kahvalt\u0131 - Wabi Sabi\",\"isPartOf\":{\"@id\":\"https:\/\/www.karekod.org\/wabimenu\/#website\"},\"primaryImageOfPage\":{\"@id\":\"https:\/\/www.karekod.org\/wabimenu\/serpme-kahvalti\/#primaryimage\"},\"datePublished\":\"2022-01-26T18:37:37+00:00\",\"dateModified\":\"2022-01-26T20:15:55+00:00\",\"breadcrumb\":{\"@id\":\"https:\/\/www.karekod.org\/wabimenu\/serpme-kahvalti\/#breadcrumb\"},\"inLanguage\":\"tr\",\"potentialAction\":[{\"@type\":\"ReadAction\",\"target\":[\"https:\/\/www.karekod.org\/wabimenu\/serpme-kahvalti\/\"]}]},{\"@type\":\"BreadcrumbList\",\"@id\":\"https:\/\/www.karekod.org\/wabimenu\/serpme-kahvalti\/#breadcrumb\",\"itemListElement\":[{\"@type\":\"ListItem\",\"position\":1,\"name\":\"Anasayfa\",\"item\":\"https:\/\/www.karekod.org\/wabimenu\/\"},{\"@type\":\"ListItem\",\"position\":2,\"name\":\"Serpme Kahvalt\u0131\"}]}]}<\/script>\n<!-- \/ Yoast SEO plugin. -->","yoast_head_json":{"title":"Serpme Kahvalt\u0131 - Wabi Sabi","robots":{"index":"index","follow":"follow","max-snippet":"max-snippet:-1","max-image-preview":"max-image-preview:large","max-video-preview":"max-video-preview:-1"},"canonical":"https:\/\/www.karekod.org\/wabimenu\/serpme-kahvalti\/","og_locale":"tr_TR","og_type":"article","og_title":"Serpme Kahvalt\u0131 - Wabi Sabi","og_description":"Beyaz peynir, k\u0131zarm\u0131\u015f hellim, siyah zeytin, \u0131zgara ye\u015fil zeytin, kuru domates, domates, salatal\u0131k, biber, kasap sucuklu yumurta, f\u0131r\u0131nda patates, pekmez, tahin, Mevsim meyvesi,ek\u015fi mayal\u0131 ekmek(Probiyotik ve Prebiyotik ikramli) Demlik Siyah \u00c7ay e\u015fli\u011finde","og_url":"https:\/\/www.karekod.org\/wabimenu\/serpme-kahvalti\/","og_site_name":"Wabi Sabi","article_modified_time":"2022-01-26T20:15:55+00:00","og_image":[{"width":300,"height":168,"url":"https:\/\/www.karekod.org\/wabimenu\/wp-content\/uploads\/2022\/01\/indir.jpg","type":"image\/jpeg"}],"twitter_card":"summary_large_image","schema":{"@context":"https:\/\/schema.org","@graph":[{"@type":"WebSite","@id":"https:\/\/www.karekod.org\/wabimenu\/#website","url":"https:\/\/www.karekod.org\/wabimenu\/","name":"Wabi Sabi","description":"Do\u011fal \u015eeyler - At\u00f6lye &amp; Mutfak","potentialAction":[{"@type":"SearchAction","target":{"@type":"EntryPoint","urlTemplate":"https:\/\/www.karekod.org\/wabimenu\/?s={search_term_string}"},"query-input":"required name=search_term_string"}],"inLanguage":"tr"},{"@type":"ImageObject","@id":"https:\/\/www.karekod.org\/wabimenu\/serpme-kahvalti\/#primaryimage","inLanguage":"tr","url":"https:\/\/www.karekod.org\/wabimenu\/wp-content\/uploads\/2022\/01\/indir.jpg","contentUrl":"https:\/\/www.karekod.org\/wabimenu\/wp-content\/uploads\/2022\/01\/indir.jpg","width":300,"height":168},{"@type":"WebPage","@id":"https:\/\/www.karekod.org\/wabimenu\/serpme-kahvalti\/#webpage","url":"https:\/\/www.karekod.org\/wabimenu\/serpme-kahvalti\/","name":"Serpme Kahvalt\u0131 - Wabi Sabi","isPartOf":{"@id":"https:\/\/www.karekod.org\/wabimenu\/#website"},"primaryImageOfPage":{"@id":"https:\/\/www.karekod.org\/wabimenu\/serpme-kahvalti\/#primaryimage"},"datePublished":"2022-01-26T18:37:37+00:00","dateModified":"2022-01-26T20:15:55+00:00","breadcrumb":{"@id":"https:\/\/www.karekod.org\/wabimenu\/serpme-kahvalti\/#breadcrumb"},"inLanguage":"tr","potentialAction":[{"@type":"ReadAction","target":["https:\/\/www.karekod.org\/wabimenu\/serpme-kahvalti\/"]}]},{"@type":"BreadcrumbList","@id":"https:\/\/www.karekod.org\/wabimenu\/serpme-kahvalti\/#breadcrumb","itemListElement":[{"@type":"ListItem","position":1,"name":"Anasayfa","item":"https:\/\/www.karekod.org\/wabimenu\/"},{"@type":"ListItem","position":2,"name":"Serpme Kahvalt\u0131"}]}]}},"_links":{"self":[{"href":"https:\/\/www.karekod.org\/wabimenu\/wp-json\/wp\/v2\/pages\/129","targetHints":{"allow":["GET"]}}],"collection":[{"href":"https:\/\/www.karekod.org\/wabimenu\/wp-json\/wp\/v2\/pages"}],"about":[{"href":"https:\/\/www.karekod.org\/wabimenu\/wp-json\/wp\/v2\/types\/page"}],"author":[{"embeddable":true,"href":"https:\/\/www.karekod.org\/wabimenu\/wp-json\/wp\/v2\/users\/1"}],"replies":[{"embeddable":true,"href":"https:\/\/www.karekod.org\/wabimenu\/wp-json\/wp\/v2\/comments?post=129"}],"version-history":[{"count":2,"href":"https:\/\/www.karekod.org\/wabimenu\/wp-json\/wp\/v2\/pages\/129\/revisions"}],"predecessor-version":[{"id":132,"href":"https:\/\/www.karekod.org\/wabimenu\/wp-json\/wp\/v2\/pages\/129\/revisions\/132"}],"wp:featuredmedia":[{"embeddable":true,"href":"https:\/\/www.karekod.org\/wabimenu\/wp-json\/wp\/v2\/media\/339"}],"wp:attachment":[{"href":"https:\/\/www.karekod.org\/wabimenu\/wp-json\/wp\/v2\/media?parent=129"}],"curies":[{"name":"wp","href":"https:\/\/api.w.org\/{rel}","templated":true}]}}