{"id":1246,"date":"2022-06-11T15:59:49","date_gmt":"2022-06-11T12:59:49","guid":{"rendered":"https:\/\/www.karekod.org\/lily\/?page_id=1246"},"modified":"2024-04-29T19:35:18","modified_gmt":"2024-04-29T16:35:18","slug":"salata-b","status":"publish","type":"page","link":"https:\/\/www.karekod.org\/lily\/salata-b\/","title":{"rendered":"Salatalar"},"content":{"rendered":"<div class=\"at-widget-title-wrapper\">\n<h3 class=\"widget-title\">SALATA BOWL<\/h3>\n<\/div>\n<div class=\"row featured-entries-col featured-entries-logo\">\n<div class=\"single-list col-sm-6 at-price-no-img\">\n<div class=\"at-food-menu-box init-animate zoomIn\">\n<div class=\"at-food-menu-body\">\n<div class=\"at-food-menu-header-wrap\">\n<div class=\"at-food-menu-header\"><\/div>\n<div class=\"at-price\">\n<h2><\/h2>\n<\/div>\n<\/div>\n<\/div>\n<\/div>\n<\/div>\n<div class=\"single-list col-sm-6\">\n<div class=\"at-food-menu-box init-animate zoomIn\">\n<div class=\"at-food-menu-img-box\"><img loading=\"lazy\" decoding=\"async\" class=\"attachment-thumbnail size-thumbnail wp-post-image\" src=\"https:\/\/www.karekod.org\/lily\/wp-content\/uploads\/2022\/03\/healthy-chicken-quinoa-bowl-roasted-600w-797363080-150x150.jpg\" alt=\"\" width=\"150\" height=\"150\" \/><\/div>\n<div class=\"at-food-menu-body\">\n<div class=\"at-food-menu-header-wrap\">\n<div class=\"at-food-menu-header\">\n<h3>TAVUKLU BOWL<\/h3>\n<p>Buharda pi\u015fmi\u015f tavuk g\u00f6g\u00fcs\u00fc,taze avokado,kapya biber,mor lahana,salatal\u0131k,turp,kuru domates,avokado dilim,vineglet sos ve kinoa ile<\/p>\n<\/div>\n<div class=\"at-price\">\n<h2>\u20ba290<\/h2>\n<\/div>\n<\/div>\n<\/div>\n<\/div>\n<\/div>\n<div class=\"clearfix\"><\/div>\n<div class=\"single-list col-sm-6\">\n<div class=\"at-food-menu-box init-animate zoomIn\">\n<div class=\"at-food-menu-img-box\"><img loading=\"lazy\" decoding=\"async\" class=\"attachment-thumbnail size-thumbnail wp-post-image\" src=\"https:\/\/www.karekod.org\/lily\/wp-content\/uploads\/2022\/03\/indir-8-1-150x150.jpg\" sizes=\"auto, (max-width: 150px) 100vw, 150px\" srcset=\"https:\/\/www.karekod.org\/lily\/wp-content\/uploads\/2022\/03\/indir-8-1-150x150.jpg 150w, https:\/\/www.karekod.org\/lily\/wp-content\/uploads\/2022\/03\/indir-8-1.jpg 225w\" alt=\"\" width=\"150\" height=\"150\" \/><\/div>\n<div class=\"at-food-menu-body\">\n<div class=\"at-food-menu-header-wrap\">\n<div class=\"at-food-menu-header\">\n<h3>PEYN\u0130RL\u0130 BOWL<\/h3>\n<p>Kinoa yata\u011f\u0131nda \u0131zgara hellim peyniri,kapya biber,mor lahana,salatal\u0131k,vineglet sos,kuru domates ve taze avokado ile<\/p>\n<\/div>\n<div class=\"at-price\">\n<h2>\u20ba280<\/h2>\n<\/div>\n<\/div>\n<\/div>\n<\/div>\n<\/div>\n<\/div>\n","protected":false},"excerpt":{"rendered":"<p>SALATA BOWL TAVUKLU BOWL Buharda pi\u015fmi\u015f tavuk g\u00f6g\u00fcs\u00fc,taze avokado,kapya biber,mor lahana,salatal\u0131k,turp,kuru domates,avokado dilim,vineglet sos ve kinoa ile \u20ba290 PEYN\u0130RL\u0130 BOWL Kinoa yata\u011f\u0131nda \u0131zgara hellim peyniri,kapya biber,mor lahana,salatal\u0131k,vineglet sos,kuru domates ve taze avokado ile \u20ba280<\/p>\n","protected":false},"author":1,"featured_media":0,"parent":0,"menu_order":0,"comment_status":"closed","ping_status":"closed","template":"","meta":{"footnotes":""},"class_list":["post-1246","page","type-page","status-publish","hentry"],"_links":{"self":[{"href":"https:\/\/www.karekod.org\/lily\/wp-json\/wp\/v2\/pages\/1246","targetHints":{"allow":["GET"]}}],"collection":[{"href":"https:\/\/www.karekod.org\/lily\/wp-json\/wp\/v2\/pages"}],"about":[{"href":"https:\/\/www.karekod.org\/lily\/wp-json\/wp\/v2\/types\/page"}],"author":[{"embeddable":true,"href":"https:\/\/www.karekod.org\/lily\/wp-json\/wp\/v2\/users\/1"}],"replies":[{"embeddable":true,"href":"https:\/\/www.karekod.org\/lily\/wp-json\/wp\/v2\/comments?post=1246"}],"version-history":[{"count":10,"href":"https:\/\/www.karekod.org\/lily\/wp-json\/wp\/v2\/pages\/1246\/revisions"}],"predecessor-version":[{"id":1939,"href":"https:\/\/www.karekod.org\/lily\/wp-json\/wp\/v2\/pages\/1246\/revisions\/1939"}],"wp:attachment":[{"href":"https:\/\/www.karekod.org\/lily\/wp-json\/wp\/v2\/media?parent=1246"}],"curies":[{"name":"wp","href":"https:\/\/api.w.org\/{rel}","templated":true}]}}