{"id":1243,"date":"2022-06-11T15:59:10","date_gmt":"2022-06-11T12:59:10","guid":{"rendered":"https:\/\/www.karekod.org\/lily\/?page_id=1243"},"modified":"2024-04-29T19:34:35","modified_gmt":"2024-04-29T16:34:35","slug":"salatalik-2","status":"publish","type":"page","link":"https:\/\/www.karekod.org\/lily\/salatalik-2\/","title":{"rendered":"Salatalar"},"content":{"rendered":"<div class=\"at-widget-title-wrapper\">\n<h3 class=\"widget-title\">SALATALAR<\/h3>\n<\/div>\n<div class=\"row featured-entries-col featured-entries-logo\">\n<div class=\"single-list col-sm-6\">\n<div class=\"at-food-menu-box init-animate zoomIn\">\n<div class=\"at-food-menu-img-box\"><img loading=\"lazy\" decoding=\"async\" class=\"attachment-thumbnail size-thumbnail wp-post-image\" src=\"https:\/\/www.karekod.org\/lily\/wp-content\/uploads\/2022\/03\/sezar-salata-tarifi-150x150.webp\" alt=\"\" width=\"150\" height=\"150\" \/><\/div>\n<div class=\"at-food-menu-body\">\n<div class=\"at-food-menu-header-wrap\">\n<div class=\"at-food-menu-header\">\n<h3>KLAS\u0130K SEZAR SALATA<\/h3>\n<p>Kroton ekme\u011fi e\u015fli\u011finde an\u00e7uez soslu<\/p>\n<\/div>\n<div class=\"at-price\">\n<h2>\u20ba230<\/h2>\n<\/div>\n<\/div>\n<\/div>\n<\/div>\n<\/div>\n<div class=\"single-list col-sm-6\">\n<div class=\"at-food-menu-box init-animate zoomIn\">\n<div class=\"at-food-menu-img-box\"><img loading=\"lazy\" decoding=\"async\" class=\"attachment-thumbnail size-thumbnail wp-post-image\" src=\"https:\/\/www.karekod.org\/lily\/wp-content\/uploads\/2022\/03\/tavuklu-sezar-salata-1-150x150.jpg\" alt=\"\" width=\"150\" height=\"150\" \/><\/div>\n<div class=\"at-food-menu-body\">\n<div class=\"at-food-menu-header-wrap\">\n<div class=\"at-food-menu-header\">\n<h3>TAVUKLU SEZAR SALATA<\/h3>\n<p>An\u00e7uez soslu parmesan peyniri ve \u00e7eri domates kroton ekmekli taze baharatlar ile marine edilmi\u015f \u0131zgara tavuk e\u015fli\u011finde<\/p>\n<\/div>\n<div class=\"at-price\">\n<h2>\u20ba290<\/h2>\n<\/div>\n<\/div>\n<\/div>\n<\/div>\n<\/div>\n<div class=\"clearfix\"><\/div>\n<div class=\"clearfix\"><\/div>\n<div class=\"single-list col-sm-6\">\n<div class=\"at-food-menu-box init-animate zoomIn\">\n<div class=\"at-food-menu-img-box\"><img loading=\"lazy\" decoding=\"async\" class=\"attachment-thumbnail size-thumbnail wp-post-image\" src=\"https:\/\/www.karekod.org\/lily\/wp-content\/uploads\/2022\/03\/ton-balikli-salata-1-150x150.jpg\" alt=\"\" width=\"150\" height=\"150\" \/><\/div>\n<div class=\"at-food-menu-body\">\n<div class=\"at-food-menu-header-wrap\">\n<div class=\"at-food-menu-header\">\n<h3>TON BALIKLI SALATA<\/h3>\n<p>Akdeniz ye\u015fillikleri,ton bal\u0131\u011f\u0131,domates ve kapari \u00e7i\u00e7e\u011fi e\u015fli\u011finde<\/p>\n<\/div>\n<div class=\"at-price\">\n<h2>\u20ba290<\/h2>\n<\/div>\n<\/div>\n<\/div>\n<\/div>\n<\/div>\n<div class=\"single-list col-sm-6\">\n<div class=\"at-food-menu-box init-animate zoomIn\">\n<div class=\"at-food-menu-img-box\"><img loading=\"lazy\" decoding=\"async\" class=\"attachment-thumbnail size-thumbnail wp-post-image\" src=\"https:\/\/www.karekod.org\/lily\/wp-content\/uploads\/2022\/05\/akdeniz-salatasi-150x150.jpg\" alt=\"\" width=\"150\" height=\"150\" \/><\/div>\n<div class=\"at-food-menu-body\">\n<div class=\"at-food-menu-header-wrap\">\n<div class=\"at-food-menu-header\">\n<h3>AKDEN\u0130Z SALATA<\/h3>\n<p>akdeniz ye\u015filli\u011fi, kuru domates,domates \u00e7eri,salatal\u0131k,ceviz,ezine peyniri, siyah zeytin,kapya biber<\/p>\n<\/div>\n<div class=\"at-price\">\n<h2>\u20ba220<\/h2>\n<\/div>\n<\/div>\n<\/div>\n<\/div>\n<\/div>\n<\/div>\n","protected":false},"excerpt":{"rendered":"<p>SALATALAR KLAS\u0130K SEZAR SALATA Kroton ekme\u011fi e\u015fli\u011finde an\u00e7uez soslu \u20ba230 TAVUKLU SEZAR SALATA An\u00e7uez soslu parmesan peyniri ve \u00e7eri domates kroton ekmekli taze baharatlar ile marine edilmi\u015f \u0131zgara tavuk e\u015fli\u011finde \u20ba290 TON BALIKLI SALATA Akdeniz ye\u015fillikleri,ton bal\u0131\u011f\u0131,domates ve kapari \u00e7i\u00e7e\u011fi e\u015fli\u011finde \u20ba290 AKDEN\u0130Z SALATA akdeniz ye\u015filli\u011fi, kuru domates,domates \u00e7eri,salatal\u0131k,ceviz,ezine peyniri, siyah zeytin,kapya biber \u20ba220<\/p>\n","protected":false},"author":1,"featured_media":0,"parent":0,"menu_order":0,"comment_status":"closed","ping_status":"closed","template":"","meta":{"footnotes":""},"class_list":["post-1243","page","type-page","status-publish","hentry"],"_links":{"self":[{"href":"https:\/\/www.karekod.org\/lily\/wp-json\/wp\/v2\/pages\/1243","targetHints":{"allow":["GET"]}}],"collection":[{"href":"https:\/\/www.karekod.org\/lily\/wp-json\/wp\/v2\/pages"}],"about":[{"href":"https:\/\/www.karekod.org\/lily\/wp-json\/wp\/v2\/types\/page"}],"author":[{"embeddable":true,"href":"https:\/\/www.karekod.org\/lily\/wp-json\/wp\/v2\/users\/1"}],"replies":[{"embeddable":true,"href":"https:\/\/www.karekod.org\/lily\/wp-json\/wp\/v2\/comments?post=1243"}],"version-history":[{"count":10,"href":"https:\/\/www.karekod.org\/lily\/wp-json\/wp\/v2\/pages\/1243\/revisions"}],"predecessor-version":[{"id":1938,"href":"https:\/\/www.karekod.org\/lily\/wp-json\/wp\/v2\/pages\/1243\/revisions\/1938"}],"wp:attachment":[{"href":"https:\/\/www.karekod.org\/lily\/wp-json\/wp\/v2\/media?parent=1243"}],"curies":[{"name":"wp","href":"https:\/\/api.w.org\/{rel}","templated":true}]}}