{"id":1222,"date":"2022-06-11T15:36:07","date_gmt":"2022-06-11T12:36:07","guid":{"rendered":"https:\/\/www.karekod.org\/lily\/?page_id=1222"},"modified":"2024-04-29T19:27:32","modified_gmt":"2024-04-29T16:27:32","slug":"atistirmalik","status":"publish","type":"page","link":"https:\/\/www.karekod.org\/lily\/atistirmalik\/","title":{"rendered":"At\u0131\u015ft\u0131rmal\u0131klar"},"content":{"rendered":"<div class=\"at-widget-title-wrapper\">\n<h3 class=\"widget-title\">ATI\u015eTIRMALIKLAR<\/h3>\n<\/div>\n<div class=\"row featured-entries-col featured-entries-logo\">\n<div class=\"single-list col-sm-6\">\n<div class=\"at-food-menu-box init-animate zoomIn\">\n<div class=\"at-food-menu-img-box\"><img loading=\"lazy\" decoding=\"async\" class=\"attachment-thumbnail size-thumbnail wp-post-image\" src=\"https:\/\/www.karekod.org\/lily\/wp-content\/uploads\/2022\/03\/indir-6-2-150x150.jpg\" alt=\"\" width=\"150\" height=\"150\" \/><\/div>\n<div class=\"at-food-menu-body\">\n<div class=\"at-food-menu-header-wrap\">\n<div class=\"at-food-menu-header\">\n<h3>L\u0130LY COMBO M\u0130X<\/h3>\n<p>Kaju baharatl\u0131, parmak patates, tavuk par\u00e7alar\u0131, so\u011fan halkas\u0131, sosis ve hellimli sucuk \u015fi\u015f<\/p>\n<\/div>\n<div class=\"at-price\">\n<h2>\u20ba340<\/h2>\n<\/div>\n<\/div>\n<\/div>\n<\/div>\n<\/div>\n<div class=\"single-list col-sm-6\">\n<div class=\"at-food-menu-box init-animate zoomIn\">\n<div class=\"at-food-menu-img-box\"><\/div>\n<\/div>\n<\/div>\n<div class=\"clearfix\"><\/div>\n<div class=\"single-list col-sm-6\">\n<div class=\"at-food-menu-box init-animate zoomIn\">\n<div class=\"at-food-menu-img-box\"><img loading=\"lazy\" decoding=\"async\" class=\"attachment-thumbnail size-thumbnail wp-post-image\" src=\"https:\/\/www.karekod.org\/lily\/wp-content\/uploads\/2022\/03\/kajun-baharatli-patates-kizartmasi-tarifi-150x150.webp\" alt=\"\" width=\"150\" height=\"150\" \/><\/div>\n<div class=\"at-food-menu-body\">\n<div class=\"at-food-menu-header-wrap\">\n<div class=\"at-food-menu-header\">\n<h3>KAJU BAHARATLI ELMA D\u0130L\u0130M PATATES<\/h3>\n<h6><\/h6>\n<\/div>\n<div class=\"at-price\">\n<h2>\u20ba140<\/h2>\n<\/div>\n<\/div>\n<\/div>\n<\/div>\n<\/div>\n<div class=\"single-list col-sm-6\">\n<div class=\"at-food-menu-box init-animate zoomIn\">\n<div class=\"at-food-menu-img-box\"><img loading=\"lazy\" decoding=\"async\" class=\"attachment-thumbnail size-thumbnail wp-post-image\" src=\"https:\/\/www.karekod.org\/lily\/wp-content\/uploads\/2022\/03\/Firinda-Baharatli-Patates-1-1200x1275-1-150x150.jpg\" alt=\"\" width=\"150\" height=\"150\" \/><\/div>\n<div class=\"at-food-menu-body\">\n<div class=\"at-food-menu-header-wrap\">\n<div class=\"at-food-menu-header\">\n<h3>KAJU BAHARATLI PARMAK PATATES<\/h3>\n<h6><\/h6>\n<\/div>\n<div class=\"at-price\">\n<h2>\u20ba140<\/h2>\n<\/div>\n<\/div>\n<\/div>\n<\/div>\n<\/div>\n<\/div>\n","protected":false},"excerpt":{"rendered":"<p>ATI\u015eTIRMALIKLAR L\u0130LY COMBO M\u0130X Kaju baharatl\u0131, parmak patates, tavuk par\u00e7alar\u0131, so\u011fan halkas\u0131, sosis ve hellimli sucuk \u015fi\u015f \u20ba340 KAJU BAHARATLI ELMA D\u0130L\u0130M PATATES \u20ba140 KAJU BAHARATLI PARMAK PATATES \u20ba140<\/p>\n","protected":false},"author":1,"featured_media":0,"parent":0,"menu_order":0,"comment_status":"closed","ping_status":"closed","template":"","meta":{"footnotes":""},"class_list":["post-1222","page","type-page","status-publish","hentry"],"_links":{"self":[{"href":"https:\/\/www.karekod.org\/lily\/wp-json\/wp\/v2\/pages\/1222","targetHints":{"allow":["GET"]}}],"collection":[{"href":"https:\/\/www.karekod.org\/lily\/wp-json\/wp\/v2\/pages"}],"about":[{"href":"https:\/\/www.karekod.org\/lily\/wp-json\/wp\/v2\/types\/page"}],"author":[{"embeddable":true,"href":"https:\/\/www.karekod.org\/lily\/wp-json\/wp\/v2\/users\/1"}],"replies":[{"embeddable":true,"href":"https:\/\/www.karekod.org\/lily\/wp-json\/wp\/v2\/comments?post=1222"}],"version-history":[{"count":10,"href":"https:\/\/www.karekod.org\/lily\/wp-json\/wp\/v2\/pages\/1222\/revisions"}],"predecessor-version":[{"id":1928,"href":"https:\/\/www.karekod.org\/lily\/wp-json\/wp\/v2\/pages\/1222\/revisions\/1928"}],"wp:attachment":[{"href":"https:\/\/www.karekod.org\/lily\/wp-json\/wp\/v2\/media?parent=1222"}],"curies":[{"name":"wp","href":"https:\/\/api.w.org\/{rel}","templated":true}]}}