{"id":1220,"date":"2022-06-11T15:35:36","date_gmt":"2022-06-11T12:35:36","guid":{"rendered":"https:\/\/www.karekod.org\/lily\/?page_id=1220"},"modified":"2024-04-29T19:26:47","modified_gmt":"2024-04-29T16:26:47","slug":"mini-sandvic","status":"publish","type":"page","link":"https:\/\/www.karekod.org\/lily\/mini-sandvic\/","title":{"rendered":"Mini Sandvi\u00e7"},"content":{"rendered":"<div class=\"at-widget-title-wrapper\">\n<h3 class=\"widget-title\">M\u0130N\u0130 SANDV\u0130\u00c7LER<\/h3>\n<\/div>\n<div class=\"row featured-entries-col featured-entries-logo\">\n<div class=\"single-list col-sm-6 at-price-no-img\">\n<div class=\"at-food-menu-box init-animate zoomIn\">\n<div class=\"at-food-menu-body\">\n<div class=\"at-food-menu-header-wrap\">\n<div class=\"at-food-menu-header\">\n<h3>M\u0130N\u0130 EZ\u0130NE PEYN\u0130RL\u0130<\/h3>\n<h6><\/h6>\n<\/div>\n<div class=\"at-price\">\n<h2>\u20ba60<\/h2>\n<\/div>\n<\/div>\n<\/div>\n<\/div>\n<\/div>\n<div class=\"single-list col-sm-6 at-price-no-img\">\n<div class=\"at-food-menu-box init-animate zoomIn\">\n<div class=\"at-food-menu-body\">\n<div class=\"at-food-menu-header-wrap\">\n<div class=\"at-food-menu-header\">\n<h3>M\u0130N\u0130 KA\u015eARLI<\/h3>\n<h6><\/h6>\n<\/div>\n<div class=\"at-price\">\n<h2>\u20ba60<\/h2>\n<\/div>\n<\/div>\n<\/div>\n<\/div>\n<\/div>\n<div class=\"clearfix\"><\/div>\n<div class=\"single-list col-sm-6 at-price-no-img\">\n<div class=\"at-food-menu-box init-animate zoomIn\">\n<div class=\"at-food-menu-body\">\n<div class=\"at-food-menu-header-wrap\">\n<div class=\"at-food-menu-header\">\n<h3>M\u0130N\u0130 H\u0130ND\u0130 F\u00dcMEL\u0130<\/h3>\n<h6><\/h6>\n<\/div>\n<div class=\"at-price\">\n<h2>\u20ba60<\/h2>\n<\/div>\n<\/div>\n<\/div>\n<\/div>\n<\/div>\n<div class=\"single-list col-sm-6 at-price-no-img\">\n<div class=\"at-food-menu-box init-animate zoomIn\">\n<div class=\"at-food-menu-body\">\n<div class=\"at-food-menu-header-wrap\">\n<div class=\"at-food-menu-header\">\n<h3>M\u0130N\u0130 DANA JAMBONLU<\/h3>\n<h6><\/h6>\n<\/div>\n<div class=\"at-price\">\n<h2>\u20ba60<\/h2>\n<\/div>\n<\/div>\n<\/div>\n<\/div>\n<\/div>\n<div class=\"clearfix\"><\/div>\n<\/div>\n","protected":false},"excerpt":{"rendered":"<p>M\u0130N\u0130 SANDV\u0130\u00c7LER M\u0130N\u0130 EZ\u0130NE PEYN\u0130RL\u0130 \u20ba60 M\u0130N\u0130 KA\u015eARLI \u20ba60 M\u0130N\u0130 H\u0130ND\u0130 F\u00dcMEL\u0130 \u20ba60 M\u0130N\u0130 DANA JAMBONLU \u20ba60<\/p>\n","protected":false},"author":1,"featured_media":0,"parent":0,"menu_order":0,"comment_status":"closed","ping_status":"closed","template":"","meta":{"footnotes":""},"class_list":["post-1220","page","type-page","status-publish","hentry"],"_links":{"self":[{"href":"https:\/\/www.karekod.org\/lily\/wp-json\/wp\/v2\/pages\/1220","targetHints":{"allow":["GET"]}}],"collection":[{"href":"https:\/\/www.karekod.org\/lily\/wp-json\/wp\/v2\/pages"}],"about":[{"href":"https:\/\/www.karekod.org\/lily\/wp-json\/wp\/v2\/types\/page"}],"author":[{"embeddable":true,"href":"https:\/\/www.karekod.org\/lily\/wp-json\/wp\/v2\/users\/1"}],"replies":[{"embeddable":true,"href":"https:\/\/www.karekod.org\/lily\/wp-json\/wp\/v2\/comments?post=1220"}],"version-history":[{"count":9,"href":"https:\/\/www.karekod.org\/lily\/wp-json\/wp\/v2\/pages\/1220\/revisions"}],"predecessor-version":[{"id":1927,"href":"https:\/\/www.karekod.org\/lily\/wp-json\/wp\/v2\/pages\/1220\/revisions\/1927"}],"wp:attachment":[{"href":"https:\/\/www.karekod.org\/lily\/wp-json\/wp\/v2\/media?parent=1220"}],"curies":[{"name":"wp","href":"https:\/\/api.w.org\/{rel}","templated":true}]}}