{"id":1217,"date":"2022-06-11T15:34:44","date_gmt":"2022-06-11T12:34:44","guid":{"rendered":"https:\/\/www.karekod.org\/lily\/?page_id=1217"},"modified":"2024-04-29T19:26:17","modified_gmt":"2024-04-29T16:26:17","slug":"sicak-sandvic","status":"publish","type":"page","link":"https:\/\/www.karekod.org\/lily\/sicak-sandvic\/","title":{"rendered":"S\u0131cak Sandvi\u00e7"},"content":{"rendered":"<div class=\"at-widget-title-wrapper\">\n<h3 class=\"widget-title\">SICAK SANDV\u0130\u00c7<\/h3>\n<\/div>\n<div class=\"row featured-entries-col featured-entries-logo\">\n<div class=\"single-list col-sm-6 at-price-no-img\">\n<div class=\"at-food-menu-box init-animate zoomIn\">\n<div class=\"at-food-menu-body\">\n<div class=\"at-food-menu-header-wrap\">\n<div class=\"at-food-menu-header\">\n<h3>L\u0130LY STEAK SANDV\u0130\u00c7<\/h3>\n<p>Baget ekme\u011finde karamelize so\u011fan ve cheedar sos, reli\u015f sos ye\u015fil so\u011fan, k\u0131rm\u0131z\u0131 toz biber, parmesan (rende) e\u015fli\u011finde cips patates<\/p>\n<\/div>\n<div class=\"at-price\">\n<h2>\u20ba320<\/h2>\n<\/div>\n<\/div>\n<\/div>\n<\/div>\n<\/div>\n<div class=\"single-list col-sm-6\">\n<div class=\"at-food-menu-box init-animate zoomIn\">\n<div class=\"at-food-menu-img-box\"><img loading=\"lazy\" decoding=\"async\" class=\"attachment-thumbnail size-thumbnail wp-post-image\" src=\"https:\/\/www.karekod.org\/lily\/wp-content\/uploads\/2022\/03\/619789b986b24a1a448d32bf-1-150x150.jpg\" alt=\"\" width=\"150\" height=\"150\" \/><\/div>\n<div class=\"at-food-menu-body\">\n<div class=\"at-food-menu-header-wrap\">\n<div class=\"at-food-menu-header\">\n<h3>\u0130LAVE PATATES<\/h3>\n<h6><\/h6>\n<\/div>\n<div class=\"at-price\">\n<h2>\u20ba40<\/h2>\n<\/div>\n<\/div>\n<\/div>\n<\/div>\n<\/div>\n<div class=\"clearfix\"><\/div>\n<div class=\"single-list col-sm-6\">\n<div class=\"at-food-menu-box init-animate zoomIn\">\n<div class=\"at-food-menu-img-box\"><img loading=\"lazy\" decoding=\"async\" class=\"attachment-thumbnail size-thumbnail wp-post-image\" src=\"https:\/\/www.karekod.org\/lily\/wp-content\/uploads\/2022\/03\/chedar-1-150x150.jpg\" sizes=\"auto, (max-width: 150px) 100vw, 150px\" srcset=\"https:\/\/www.karekod.org\/lily\/wp-content\/uploads\/2022\/03\/chedar-1-150x150.jpg 150w, https:\/\/www.karekod.org\/lily\/wp-content\/uploads\/2022\/03\/chedar-1-300x300.jpg 300w, https:\/\/www.karekod.org\/lily\/wp-content\/uploads\/2022\/03\/chedar-1.jpg 420w\" alt=\"\" width=\"150\" height=\"150\" \/><\/div>\n<div class=\"at-food-menu-body\">\n<div class=\"at-food-menu-header-wrap\">\n<div class=\"at-food-menu-header\">\n<h3>CHEDDAR SOS<\/h3>\n<h6><\/h6>\n<\/div>\n<div class=\"at-price\">\n<h2>\u20ba30<\/h2>\n<\/div>\n<\/div>\n<\/div>\n<\/div>\n<\/div>\n<\/div>\n","protected":false},"excerpt":{"rendered":"<p>SICAK SANDV\u0130\u00c7 L\u0130LY STEAK SANDV\u0130\u00c7 Baget ekme\u011finde karamelize so\u011fan ve cheedar sos, reli\u015f sos ye\u015fil so\u011fan, k\u0131rm\u0131z\u0131 toz biber, parmesan (rende) e\u015fli\u011finde cips patates \u20ba320 \u0130LAVE PATATES \u20ba40 CHEDDAR SOS \u20ba30<\/p>\n","protected":false},"author":1,"featured_media":0,"parent":0,"menu_order":0,"comment_status":"closed","ping_status":"closed","template":"","meta":{"footnotes":""},"class_list":["post-1217","page","type-page","status-publish","hentry"],"_links":{"self":[{"href":"https:\/\/www.karekod.org\/lily\/wp-json\/wp\/v2\/pages\/1217","targetHints":{"allow":["GET"]}}],"collection":[{"href":"https:\/\/www.karekod.org\/lily\/wp-json\/wp\/v2\/pages"}],"about":[{"href":"https:\/\/www.karekod.org\/lily\/wp-json\/wp\/v2\/types\/page"}],"author":[{"embeddable":true,"href":"https:\/\/www.karekod.org\/lily\/wp-json\/wp\/v2\/users\/1"}],"replies":[{"embeddable":true,"href":"https:\/\/www.karekod.org\/lily\/wp-json\/wp\/v2\/comments?post=1217"}],"version-history":[{"count":9,"href":"https:\/\/www.karekod.org\/lily\/wp-json\/wp\/v2\/pages\/1217\/revisions"}],"predecessor-version":[{"id":1926,"href":"https:\/\/www.karekod.org\/lily\/wp-json\/wp\/v2\/pages\/1217\/revisions\/1926"}],"wp:attachment":[{"href":"https:\/\/www.karekod.org\/lily\/wp-json\/wp\/v2\/media?parent=1217"}],"curies":[{"name":"wp","href":"https:\/\/api.w.org\/{rel}","templated":true}]}}