{"id":56,"date":"2018-11-15T12:08:22","date_gmt":"2018-11-15T12:08:22","guid":{"rendered":"http:\/\/demo.acmethemes.com\/restaurant-recipe\/?page_id=135"},"modified":"2021-09-30T21:22:23","modified_gmt":"2021-09-30T21:22:23","slug":"susan-bryant","status":"publish","type":"page","link":"https:\/\/www.karekod.org\/kabar\/susan-bryant\/","title":{"rendered":"yadome"},"content":{"rendered":"<p>alt kat, \u00fcst kat, bah\u00e7e, ye\u015fillik&#8230;<br \/>\n\u00e7ok bar g\u00f6rd\u00fcm, \u00e7ok \u00fclkede bara gittim ama \u201c\u00e7ekirge\u201d ka bar her daim ba\u015fkad\u0131r.<br \/>\nbursa harici mu\u011fla akyaka\u2019da bir \u015fubesi vard\u0131.<br \/>\n\u00e7okta g\u00fczel d\u00fckkand\u0131 ama devretti sonras\u0131nda kemal abi.<br \/>\nbirde seneler \u00f6nde yan\u0131nda g\u00fczel meyhane vard\u0131 ama sonra gelinlik\u00e7i gibi bir\u015fey.<br \/>\nnot:<br \/>\ncuma, cumartesi \u00f6n\u00fcnde yer bulamazsan\u0131z \u00fcst taraf\u0131na park edin. merdivenlerden inebilirsiniz.<br \/>\nsaat 23 sonras\u0131 gidilecek ise k\u00fclt\u00fcrpark i\u00e7ine arac\u0131n\u0131z\u0131 \u00fccretsiz park edebilirsiniz.<\/p>\n","protected":false},"excerpt":{"rendered":"<p>alt kat, \u00fcst kat, bah\u00e7e, ye\u015fillik&#8230; \u00e7ok bar g\u00f6rd\u00fcm, \u00e7ok \u00fclkede bara gittim ama \u201c\u00e7ekirge\u201d ka bar her daim ba\u015fkad\u0131r. bursa harici mu\u011fla akyaka\u2019da bir \u015fubesi vard\u0131. \u00e7okta g\u00fczel d\u00fckkand\u0131 ama devretti sonras\u0131nda kemal abi. birde seneler \u00f6nde yan\u0131nda g\u00fczel meyhane vard\u0131 ama sonra gelinlik\u00e7i gibi bir\u015fey. not: cuma, cumartesi \u00f6n\u00fcnde yer bulamazsan\u0131z \u00fcst taraf\u0131na [&hellip;]<\/p>\n","protected":false},"author":1,"featured_media":283,"parent":0,"menu_order":0,"comment_status":"closed","ping_status":"closed","template":"","meta":{"footnotes":""},"class_list":["post-56","page","type-page","status-publish","has-post-thumbnail","hentry"],"_links":{"self":[{"href":"https:\/\/www.karekod.org\/kabar\/wp-json\/wp\/v2\/pages\/56","targetHints":{"allow":["GET"]}}],"collection":[{"href":"https:\/\/www.karekod.org\/kabar\/wp-json\/wp\/v2\/pages"}],"about":[{"href":"https:\/\/www.karekod.org\/kabar\/wp-json\/wp\/v2\/types\/page"}],"author":[{"embeddable":true,"href":"https:\/\/www.karekod.org\/kabar\/wp-json\/wp\/v2\/users\/1"}],"replies":[{"embeddable":true,"href":"https:\/\/www.karekod.org\/kabar\/wp-json\/wp\/v2\/comments?post=56"}],"version-history":[{"count":3,"href":"https:\/\/www.karekod.org\/kabar\/wp-json\/wp\/v2\/pages\/56\/revisions"}],"predecessor-version":[{"id":227,"href":"https:\/\/www.karekod.org\/kabar\/wp-json\/wp\/v2\/pages\/56\/revisions\/227"}],"wp:featuredmedia":[{"embeddable":true,"href":"https:\/\/www.karekod.org\/kabar\/wp-json\/wp\/v2\/media\/283"}],"wp:attachment":[{"href":"https:\/\/www.karekod.org\/kabar\/wp-json\/wp\/v2\/media?parent=56"}],"curies":[{"name":"wp","href":"https:\/\/api.w.org\/{rel}","templated":true}]}}