{"id":106,"date":"2018-11-15T11:18:06","date_gmt":"2018-11-15T11:18:06","guid":{"rendered":"http:\/\/demo.acmethemes.com\/restaurant-recipe\/?page_id=48"},"modified":"2021-09-29T20:33:50","modified_gmt":"2021-09-29T20:33:50","slug":"free-wifi","status":"publish","type":"page","link":"https:\/\/www.karekod.org\/kabar\/free-wifi\/","title":{"rendered":"Free Wifi"},"content":{"rendered":"<p>Restoran\u0131m\u0131zda\u00a0 \u00fccretsiz ve h\u0131zl\u0131 Wi-Fi hizmeti vermekteyiz. (y\u00fcksek h\u0131zl\u0131\u00a0internet eri\u015fimi)<\/p>\n","protected":false},"excerpt":{"rendered":"<p>\u00dccretsiz ve h\u0131zl\u0131 Wi-Fi hizmeti vermekteyiz. (Geni\u015f bantl\u0131 \u0130nternet ba\u011flant\u0131s\u0131 y\u00fcksek h\u0131zl\u0131 \u0130nternet)<\/p>\n","protected":false},"author":1,"featured_media":0,"parent":0,"menu_order":0,"comment_status":"closed","ping_status":"closed","template":"","meta":{"footnotes":""},"class_list":["post-106","page","type-page","status-publish","hentry"],"_links":{"self":[{"href":"https:\/\/www.karekod.org\/kabar\/wp-json\/wp\/v2\/pages\/106","targetHints":{"allow":["GET"]}}],"collection":[{"href":"https:\/\/www.karekod.org\/kabar\/wp-json\/wp\/v2\/pages"}],"about":[{"href":"https:\/\/www.karekod.org\/kabar\/wp-json\/wp\/v2\/types\/page"}],"author":[{"embeddable":true,"href":"https:\/\/www.karekod.org\/kabar\/wp-json\/wp\/v2\/users\/1"}],"replies":[{"embeddable":true,"href":"https:\/\/www.karekod.org\/kabar\/wp-json\/wp\/v2\/comments?post=106"}],"version-history":[{"count":2,"href":"https:\/\/www.karekod.org\/kabar\/wp-json\/wp\/v2\/pages\/106\/revisions"}],"predecessor-version":[{"id":158,"href":"https:\/\/www.karekod.org\/kabar\/wp-json\/wp\/v2\/pages\/106\/revisions\/158"}],"wp:attachment":[{"href":"https:\/\/www.karekod.org\/kabar\/wp-json\/wp\/v2\/media?parent=106"}],"curies":[{"name":"wp","href":"https:\/\/api.w.org\/{rel}","templated":true}]}}