{"id":54326,"date":"2026-02-20T00:57:40","date_gmt":"2026-02-19T21:57:40","guid":{"rendered":"https:\/\/www.karekod.org\/blog\/?page_id=54326"},"modified":"2026-02-20T00:57:41","modified_gmt":"2026-02-19T21:57:41","slug":"kullanim-sartlari-ve-hukumler","status":"publish","type":"page","link":"https:\/\/www.karekod.org\/blog\/kullanim-sartlari-ve-hukumler\/","title":{"rendered":"Kullan\u0131m \u015eartlar\u0131 ve H\u00fck\u00fcmler"},"content":{"rendered":"\n<h2 class=\"wp-block-heading\"><span class=\"ez-toc-section\" id=\"1_Genel_Bilgilendirme\"><\/span>1. Genel Bilgilendirme<span class=\"ez-toc-section-end\"><\/span><\/h2>\n\n\n\n<p>Bu internet sitesi (karekod.org\/blog), Karekod Blog taraf\u0131ndan i\u015fletilmektedir. Siteyi ziyaret eden ve kullanan t\u00fcm kullan\u0131c\u0131lar a\u015fa\u011f\u0131daki \u015fartlar\u0131 kabul etmi\u015f say\u0131l\u0131r.<\/p><div id=\"ez-toc-container\" class=\"ez-toc-v2_0_82_2 counter-hierarchy ez-toc-counter ez-toc-grey ez-toc-container-direction\">\n<div class=\"ez-toc-title-container\">\n<p class=\"ez-toc-title\" style=\"cursor:inherit\">\u0130\u00e7indekiler<\/p>\n<span class=\"ez-toc-title-toggle\"><a href=\"#\" class=\"ez-toc-pull-right ez-toc-btn ez-toc-btn-xs ez-toc-btn-default ez-toc-toggle\" aria-label=\"\u0130\u00e7indekiler Tablosunu A\u00e7\/Kapat\"><span class=\"ez-toc-js-icon-con\"><span class=\"\"><span class=\"eztoc-hide\" style=\"display:none;\">Toggle<\/span><span class=\"ez-toc-icon-toggle-span\"><svg style=\"fill: #999;color:#999\" xmlns=\"http:\/\/www.w3.org\/2000\/svg\" class=\"list-377408\" width=\"20px\" height=\"20px\" viewBox=\"0 0 24 24\" fill=\"none\"><path d=\"M6 6H4v2h2V6zm14 0H8v2h12V6zM4 11h2v2H4v-2zm16 0H8v2h12v-2zM4 16h2v2H4v-2zm16 0H8v2h12v-2z\" fill=\"currentColor\"><\/path><\/svg><svg style=\"fill: #999;color:#999\" class=\"arrow-unsorted-368013\" xmlns=\"http:\/\/www.w3.org\/2000\/svg\" width=\"10px\" height=\"10px\" viewBox=\"0 0 24 24\" version=\"1.2\" baseProfile=\"tiny\"><path d=\"M18.2 9.3l-6.2-6.3-6.2 6.3c-.2.2-.3.4-.3.7s.1.5.3.7c.2.2.4.3.7.3h11c.3 0 .5-.1.7-.3.2-.2.3-.5.3-.7s-.1-.5-.3-.7zM5.8 14.7l6.2 6.3 6.2-6.3c.2-.2.3-.5.3-.7s-.1-.5-.3-.7c-.2-.2-.4-.3-.7-.3h-11c-.3 0-.5.1-.7.3-.2.2-.3.5-.3.7s.1.5.3.7z\"\/><\/svg><\/span><\/span><\/span><\/a><\/span><\/div>\n<nav><ul class='ez-toc-list ez-toc-list-level-1 ' ><li class='ez-toc-page-1 ez-toc-heading-level-2'><a class=\"ez-toc-link ez-toc-heading-1\" href=\"https:\/\/www.karekod.org\/blog\/kullanim-sartlari-ve-hukumler\/#1_Genel_Bilgilendirme\" >1. Genel Bilgilendirme<\/a><\/li><li class='ez-toc-page-1 ez-toc-heading-level-2'><a class=\"ez-toc-link ez-toc-heading-2\" href=\"https:\/\/www.karekod.org\/blog\/kullanim-sartlari-ve-hukumler\/#2_Icerik_Sorumlulugu\" >2. \u0130\u00e7erik Sorumlulu\u011fu<\/a><\/li><li class='ez-toc-page-1 ez-toc-heading-level-2'><a class=\"ez-toc-link ez-toc-heading-3\" href=\"https:\/\/www.karekod.org\/blog\/kullanim-sartlari-ve-hukumler\/#3_Guncelleme_Politikasi\" >3. G\u00fcncelleme Politikas\u0131<\/a><\/li><li class='ez-toc-page-1 ez-toc-heading-level-2'><a class=\"ez-toc-link ez-toc-heading-4\" href=\"https:\/\/www.karekod.org\/blog\/kullanim-sartlari-ve-hukumler\/#4_Fikri_Mulkiyet_Haklari\" >4. Fikri M\u00fclkiyet Haklar\u0131<\/a><\/li><li class='ez-toc-page-1 ez-toc-heading-level-2'><a class=\"ez-toc-link ez-toc-heading-5\" href=\"https:\/\/www.karekod.org\/blog\/kullanim-sartlari-ve-hukumler\/#5_Dis_Baglantilar\" >5. D\u0131\u015f Ba\u011flant\u0131lar<\/a><\/li><li class='ez-toc-page-1 ez-toc-heading-level-2'><a class=\"ez-toc-link ez-toc-heading-6\" href=\"https:\/\/www.karekod.org\/blog\/kullanim-sartlari-ve-hukumler\/#6_Reklam_ve_Is_Birlikleri\" >6. Reklam ve \u0130\u015f Birlikleri<\/a><\/li><li class='ez-toc-page-1 ez-toc-heading-level-2'><a class=\"ez-toc-link ez-toc-heading-7\" href=\"https:\/\/www.karekod.org\/blog\/kullanim-sartlari-ve-hukumler\/#7_Sorumlulugun_Sinirlandirilmasi\" >7. Sorumlulu\u011fun S\u0131n\u0131rland\u0131r\u0131lmas\u0131<\/a><\/li><li class='ez-toc-page-1 ez-toc-heading-level-2'><a class=\"ez-toc-link ez-toc-heading-8\" href=\"https:\/\/www.karekod.org\/blog\/kullanim-sartlari-ve-hukumler\/#8_Sartlarda_Degisiklik\" >8. \u015eartlarda De\u011fi\u015fiklik<\/a><\/li><\/ul><\/nav><\/div>\n\n\n\n\n<p>Karekod Blog, i\u00e7eriklerini bilgilendirme amac\u0131yla yay\u0131nlamaktad\u0131r.<\/p>\n\n\n\n<hr class=\"wp-block-separator has-alpha-channel-opacity\"\/>\n\n\n\n<h2 class=\"wp-block-heading\"><span class=\"ez-toc-section\" id=\"2_Icerik_Sorumlulugu\"><\/span>2. \u0130\u00e7erik Sorumlulu\u011fu<span class=\"ez-toc-section-end\"><\/span><\/h2>\n\n\n\n<p>Sitede yer alan:<\/p>\n\n\n\n<ul class=\"wp-block-list\">\n<li>G\u00fcncel alkol fiyatlar\u0131<\/li>\n\n\n\n<li>Piyasa verileri<\/li>\n\n\n\n<li>Vergi d\u00fczenlemeleri<\/li>\n\n\n\n<li>Teknoloji rehberleri<\/li>\n\n\n\n<li>Kar\u015f\u0131la\u015ft\u0131rmal\u0131 listeler<\/li>\n<\/ul>\n\n\n\n<p>tamamen bilgilendirme ama\u00e7l\u0131d\u0131r.<\/p>\n\n\n\n<p>Fiyatlar d\u00f6nemsel olarak de\u011fi\u015febilir. Yay\u0131nlanan i\u00e7erikler resmi sat\u0131\u015f teklifi veya ba\u011flay\u0131c\u0131 fiyat garantisi niteli\u011fi ta\u015f\u0131maz.<\/p>\n\n\n\n<p>Kullan\u0131c\u0131lar sat\u0131n alma kararlar\u0131n\u0131 ilgili sat\u0131c\u0131 veya resmi kurumdan teyit ederek vermelidir.<\/p>\n\n\n\n<hr class=\"wp-block-separator has-alpha-channel-opacity\"\/>\n\n\n\n<h2 class=\"wp-block-heading\"><span class=\"ez-toc-section\" id=\"3_Guncelleme_Politikasi\"><\/span>3. G\u00fcncelleme Politikas\u0131<span class=\"ez-toc-section-end\"><\/span><\/h2>\n\n\n\n<p>Karekod Blog i\u00e7erikleri d\u00fczenli olarak kontrol edilir ve g\u00fcncellenir. Ancak ani fiyat de\u011fi\u015fiklikleri veya resmi d\u00fczenlemeler nedeniyle ge\u00e7ici farkl\u0131l\u0131klar olu\u015fabilir.<\/p>\n\n\n\n<p>Site, i\u00e7eriklerde de\u011fi\u015fiklik yapma hakk\u0131n\u0131 sakl\u0131 tutar.<\/p>\n\n\n\n<hr class=\"wp-block-separator has-alpha-channel-opacity\"\/>\n\n\n\n<h2 class=\"wp-block-heading\"><span class=\"ez-toc-section\" id=\"4_Fikri_Mulkiyet_Haklari\"><\/span>4. Fikri M\u00fclkiyet Haklar\u0131<span class=\"ez-toc-section-end\"><\/span><\/h2>\n\n\n\n<p>Sitede yer alan t\u00fcm yaz\u0131l\u0131 ve g\u00f6rsel i\u00e7erikler 5846 say\u0131l\u0131 Fikir ve Sanat Eserleri Kanunu kapsam\u0131nda korunmaktad\u0131r.<\/p>\n\n\n\n<p>\u0130\u00e7erikler:<\/p>\n\n\n\n<ul class=\"wp-block-list\">\n<li>\u0130zinsiz kopyalanamaz<\/li>\n\n\n\n<li>\u00c7o\u011falt\u0131lamaz<\/li>\n\n\n\n<li>Ba\u015fka platformlarda yay\u0131nlanamaz<\/li>\n\n\n\n<li>Ticari ama\u00e7la kullan\u0131lamaz<\/li>\n<\/ul>\n\n\n\n<p>Kaynak g\u00f6sterilmeden yap\u0131lan al\u0131nt\u0131lar hukuki i\u015flem gerektirebilir.<\/p>\n\n\n\n<hr class=\"wp-block-separator has-alpha-channel-opacity\"\/>\n\n\n\n<h2 class=\"wp-block-heading\"><span class=\"ez-toc-section\" id=\"5_Dis_Baglantilar\"><\/span>5. D\u0131\u015f Ba\u011flant\u0131lar<span class=\"ez-toc-section-end\"><\/span><\/h2>\n\n\n\n<p>Sitede \u00fc\u00e7\u00fcnc\u00fc taraf web sitelerine y\u00f6nlendiren ba\u011flant\u0131lar bulunabilir. Bu sitelerin i\u00e7eriklerinden Karekod Blog sorumlu de\u011fildir.<\/p>\n\n\n\n<hr class=\"wp-block-separator has-alpha-channel-opacity\"\/>\n\n\n\n<h2 class=\"wp-block-heading\"><span class=\"ez-toc-section\" id=\"6_Reklam_ve_Is_Birlikleri\"><\/span>6. Reklam ve \u0130\u015f Birlikleri<span class=\"ez-toc-section-end\"><\/span><\/h2>\n\n\n\n<p>Karekod Blog \u00fczerinde reklam alanlar\u0131 ve sponsorluk i\u00e7erikleri yer alabilir. Sponsorlu i\u00e7erikler a\u00e7\u0131k \u015fekilde belirtilir.<\/p>\n\n\n\n<hr class=\"wp-block-separator has-alpha-channel-opacity\"\/>\n\n\n\n<h2 class=\"wp-block-heading\"><span class=\"ez-toc-section\" id=\"7_Sorumlulugun_Sinirlandirilmasi\"><\/span>7. Sorumlulu\u011fun S\u0131n\u0131rland\u0131r\u0131lmas\u0131<span class=\"ez-toc-section-end\"><\/span><\/h2>\n\n\n\n<p>Karekod Blog;<\/p>\n\n\n\n<ul class=\"wp-block-list\">\n<li>\u0130\u00e7eriklerdeki olas\u0131 g\u00fcncelleme gecikmelerinden<\/li>\n\n\n\n<li>Fiyat farkl\u0131l\u0131klar\u0131ndan<\/li>\n\n\n\n<li>Kullan\u0131c\u0131lar\u0131n ald\u0131\u011f\u0131 ticari kararlardan<\/li>\n<\/ul>\n\n\n\n<p>do\u011frudan sorumlu tutulamaz.<\/p>\n\n\n\n<hr class=\"wp-block-separator has-alpha-channel-opacity\"\/>\n\n\n\n<h2 class=\"wp-block-heading\"><span class=\"ez-toc-section\" id=\"8_Sartlarda_Degisiklik\"><\/span>8. \u015eartlarda De\u011fi\u015fiklik<span class=\"ez-toc-section-end\"><\/span><\/h2>\n\n\n\n<p>Karekod Blog, kullan\u0131m \u015fartlar\u0131nda \u00f6nceden bildirim yapmaks\u0131z\u0131n de\u011fi\u015fiklik yapma hakk\u0131n\u0131 sakl\u0131 tutar.<\/p>\n","protected":false},"excerpt":{"rendered":"<p>1. Genel Bilgilendirme Bu internet sitesi (karekod.org\/blog), Karekod Blog taraf\u0131ndan i\u015fletilmektedir. Siteyi ziyaret eden ve kullanan t\u00fcm kullan\u0131c\u0131lar a\u015fa\u011f\u0131daki \u015fartlar\u0131 [&hellip;]<\/p>\n","protected":false},"author":1,"featured_media":0,"parent":0,"menu_order":0,"comment_status":"closed","ping_status":"closed","template":"","meta":{"footnotes":""},"class_list":["post-54326","page","type-page","status-publish","hentry"],"yoast_head":"<!-- This site is optimized with the Yoast SEO plugin v27.4 - https:\/\/yoast.com\/product\/yoast-seo-wordpress\/ -->\n<title>Kullan\u0131m \u015eartlar\u0131 ve H\u00fck\u00fcmler - Karekod Blog<\/title>\n<meta name=\"description\" content=\"Kullan\u0131m \u015eartlar\u0131 ve H\u00fck\u00fcmler: Bu internet sitesi (karekod.org\/blog), Karekod Blog taraf\u0131ndan i\u015fletilmektedir. Siteyi ziyaret eden..\" \/>\n<meta name=\"robots\" content=\"index, follow, max-snippet:-1, max-image-preview:large, max-video-preview:-1\" \/>\n<link rel=\"canonical\" href=\"https:\/\/www.karekod.org\/blog\/kullanim-sartlari-ve-hukumler\/\" \/>\n<meta property=\"og:locale\" content=\"tr_TR\" \/>\n<meta property=\"og:type\" content=\"article\" \/>\n<meta property=\"og:title\" content=\"Kullan\u0131m \u015eartlar\u0131 ve H\u00fck\u00fcmler - Karekod Blog\" \/>\n<meta property=\"og:description\" content=\"Kullan\u0131m \u015eartlar\u0131 ve H\u00fck\u00fcmler: Bu internet sitesi (karekod.org\/blog), Karekod Blog taraf\u0131ndan i\u015fletilmektedir. Siteyi ziyaret eden..\" \/>\n<meta property=\"og:url\" content=\"https:\/\/www.karekod.org\/blog\/kullanim-sartlari-ve-hukumler\/\" \/>\n<meta property=\"og:site_name\" content=\"Karekod Blog\" \/>\n<meta property=\"article:publisher\" content=\"https:\/\/www.facebook.com\/QarMenu\/\" \/>\n<meta property=\"article:modified_time\" content=\"2026-02-19T21:57:41+00:00\" \/>\n<meta property=\"og:image\" content=\"https:\/\/www.karekod.org\/blog\/wp-content\/uploads\/2025\/01\/logo.webp\" \/>\n\t<meta property=\"og:image:width\" content=\"512\" \/>\n\t<meta property=\"og:image:height\" content=\"512\" \/>\n\t<meta property=\"og:image:type\" content=\"image\/webp\" \/>\n<meta name=\"twitter:card\" content=\"summary_large_image\" \/>\n<meta name=\"twitter:site\" content=\"@temassizmenu\" \/>\n<meta name=\"twitter:label1\" content=\"Tahmini okuma s\u00fcresi\" \/>\n\t<meta name=\"twitter:data1\" content=\"2 dakika\" \/>\n<script type=\"application\/ld+json\" class=\"yoast-schema-graph\">{\"@context\":\"https:\\\/\\\/schema.org\",\"@graph\":[{\"@type\":[\"Article\",\"BlogPosting\"],\"@id\":\"https:\\\/\\\/www.karekod.org\\\/blog\\\/kullanim-sartlari-ve-hukumler\\\/#article\",\"isPartOf\":{\"@id\":\"https:\\\/\\\/www.karekod.org\\\/blog\\\/kullanim-sartlari-ve-hukumler\\\/\"},\"author\":{\"@type\":\"Person\",\"@id\":\"https:\\\/\\\/www.karekod.org\\\/blog\\\/yazar\\\/muharrem-eminoglu\\\/\",\"name\":\"Muharrem Emino\u011flu\",\"url\":\"https:\\\/\\\/www.karekod.org\\\/blog\\\/yazar\\\/muharrem-eminoglu\\\/\",\"image\":{\"@type\":\"ImageObject\",\"url\":\"https:\\\/\\\/www.karekod.org\\\/blog\\\/wp-content\\\/uploads\\\/2026\\\/04\\\/muharrememinoglu-1.webp\"},\"description\":\"SEO, veri analizi ve dijital i\u00e7erik stratejisi alan\u0131nda uzman yazar. Karekod Blog \u00fczerinde g\u00fcncel analizler ve rehber i\u00e7erikler \u00fcretir.\",\"jobTitle\":\"SEO Uzman\u0131 ve Dijital \u0130\u00e7erik \u00dcreticisi\",\"sameAs\":[\"https:\\\/\\\/www.facebook.com\\\/mentor.perplexed\\\/\",\"https:\\\/\\\/www.linkedin.com\\\/in\\\/eminoglu\\\/\",\"https:\\\/\\\/x.com\\\/MentorPerplexed\",\"https:\\\/\\\/www.instagram.com\\\/mentorperplexed\\\/\"]},\"headline\":\"Kullan\u0131m \u015eartlar\u0131 ve H\u00fck\u00fcmler\",\"datePublished\":\"2026-02-19T21:57:40+00:00\",\"dateModified\":\"2026-02-19T21:57:41+00:00\",\"mainEntityOfPage\":{\"@id\":\"https:\\\/\\\/www.karekod.org\\\/blog\\\/kullanim-sartlari-ve-hukumler\\\/\"},\"wordCount\":316,\"publisher\":{\"@id\":\"https:\\\/\\\/www.karekod.org\\\/blog\\\/#organization\"},\"inLanguage\":\"tr\"},{\"@type\":\"WebPage\",\"@id\":\"https:\\\/\\\/www.karekod.org\\\/blog\\\/kullanim-sartlari-ve-hukumler\\\/\",\"url\":\"https:\\\/\\\/www.karekod.org\\\/blog\\\/kullanim-sartlari-ve-hukumler\\\/\",\"name\":\"Kullan\u0131m \u015eartlar\u0131 ve H\u00fck\u00fcmler - Karekod Blog\",\"isPartOf\":{\"@id\":\"https:\\\/\\\/www.karekod.org\\\/blog\\\/#website\"},\"datePublished\":\"2026-02-19T21:57:40+00:00\",\"dateModified\":\"2026-02-19T21:57:41+00:00\",\"description\":\"Kullan\u0131m \u015eartlar\u0131 ve H\u00fck\u00fcmler: Bu internet sitesi (karekod.org\\\/blog), Karekod Blog taraf\u0131ndan i\u015fletilmektedir. Siteyi ziyaret eden..\",\"breadcrumb\":{\"@id\":\"https:\\\/\\\/www.karekod.org\\\/blog\\\/kullanim-sartlari-ve-hukumler\\\/#breadcrumb\"},\"inLanguage\":\"tr\",\"potentialAction\":[{\"@type\":\"ReadAction\",\"target\":[\"https:\\\/\\\/www.karekod.org\\\/blog\\\/kullanim-sartlari-ve-hukumler\\\/\"]}]},{\"@type\":\"BreadcrumbList\",\"@id\":\"https:\\\/\\\/www.karekod.org\\\/blog\\\/kullanim-sartlari-ve-hukumler\\\/#breadcrumb\",\"itemListElement\":[{\"@type\":\"ListItem\",\"position\":1,\"name\":\"Ana sayfa\",\"item\":\"https:\\\/\\\/www.karekod.org\\\/blog\\\/\"},{\"@type\":\"ListItem\",\"position\":2,\"name\":\"Kullan\u0131m \u015eartlar\u0131 ve H\u00fck\u00fcmler\"}]},{\"@type\":\"WebSite\",\"@id\":\"https:\\\/\\\/www.karekod.org\\\/blog\\\/#website\",\"url\":\"https:\\\/\\\/www.karekod.org\\\/blog\\\/\",\"name\":\"Karekod Blog\",\"description\":\"2026 G\u00fcncel Alkol Fiyatlar\u0131 ve Piyasa Rehberi\",\"publisher\":{\"@id\":\"https:\\\/\\\/www.karekod.org\\\/blog\\\/#organization\"},\"alternateName\":\"Karekod Haber\",\"potentialAction\":[{\"@type\":\"SearchAction\",\"target\":{\"@type\":\"EntryPoint\",\"urlTemplate\":\"https:\\\/\\\/www.karekod.org\\\/blog\\\/?s={search_term_string}\"},\"query-input\":{\"@type\":\"PropertyValueSpecification\",\"valueRequired\":true,\"valueName\":\"search_term_string\"}}],\"inLanguage\":\"tr\"},{\"@type\":\"Organization\",\"@id\":\"https:\\\/\\\/www.karekod.org\\\/blog\\\/#organization\",\"name\":\"Karekod Blog\",\"alternateName\":\"Karekod Haber\",\"url\":\"https:\\\/\\\/www.karekod.org\\\/blog\\\/\",\"logo\":{\"@type\":\"ImageObject\",\"inLanguage\":\"tr\",\"@id\":\"https:\\\/\\\/www.karekod.org\\\/blog\\\/#\\\/schema\\\/logo\\\/image\\\/\",\"url\":\"https:\\\/\\\/www.karekod.org\\\/blog\\\/wp-content\\\/uploads\\\/2025\\\/01\\\/cropped-logo.webp\",\"contentUrl\":\"https:\\\/\\\/www.karekod.org\\\/blog\\\/wp-content\\\/uploads\\\/2025\\\/01\\\/cropped-logo.webp\",\"width\":512,\"height\":384,\"caption\":\"Karekod Blog\"},\"image\":{\"@id\":\"https:\\\/\\\/www.karekod.org\\\/blog\\\/#\\\/schema\\\/logo\\\/image\\\/\"},\"sameAs\":[\"https:\\\/\\\/www.facebook.com\\\/QarMenu\\\/\",\"https:\\\/\\\/x.com\\\/temassizmenu\",\"https:\\\/\\\/www.instagram.com\\\/qarmenu\\\/\",\"https:\\\/\\\/www.linkedin.com\\\/company\\\/karekod\\\/\",\"https:\\\/\\\/tr.pinterest.com\\\/dijitalmenu\\\/\",\"https:\\\/\\\/www.youtube.com\\\/@qrmenu\",\"https:\\\/\\\/karekodmenu.tumblr.com\\\/\",\"https:\\\/\\\/karekod.medium.com\\\/\",\"https:\\\/\\\/www.diigo.com\\\/user\\\/karekod\",\"https:\\\/\\\/mastodon.social\\\/@karekod\",\"https:\\\/\\\/vk.com\\\/karekod\",\"https:\\\/\\\/flipboard.com\\\/@karekod\",\"https:\\\/\\\/www.quora.com\\\/profile\\\/Karekod-Haber\",\"https:\\\/\\\/note.com\\\/karekod\"]},{\"@type\":\"Person\",\"@id\":\"https:\\\/\\\/www.karekod.org\\\/blog\\\/#\\\/schema\\\/person\\\/8c87c879aca1c63c7438bf937a5da8bd\",\"name\":\"Muharrem Emino\u011flu\",\"pronouns\":\"he\\\/him\",\"description\":\"Veri analizi ve dijital raporlama s\u00fcre\u00e7lerinde yenilik\u00e7i yakla\u015f\u0131mlar benimseyerek s\u00fcrd\u00fcr\u00fclebilir i\u015f modelleri \u00fczerine \u00e7al\u0131\u015fmalar yap\u0131yorum. Teknoloji, ekonomi ve dijital pazarlama alanlar\u0131nda g\u00fcncel ve g\u00fcvenilir i\u00e7erikler \u00fcretiyorum.\",\"sameAs\":[\"https:\\\/\\\/www.karekod.org\",\"https:\\\/\\\/www.facebook.com\\\/mentor.perplexed\\\/\",\"https:\\\/\\\/www.instagram.com\\\/mentorperplexed\\\/\",\"https:\\\/\\\/www.linkedin.com\\\/in\\\/eminoglu\\\/\",\"https:\\\/\\\/www.pinterest.de\\\/dijitalmenu\\\/\",\"https:\\\/\\\/x.com\\\/temassizmenu\",\"https:\\\/\\\/www.youtube.com\\\/channel\\\/UC_vI-xTP9NegNfIqSGoesGg\",\"https:\\\/\\\/qrmenu.tumblr.com\\\/\"],\"url\":\"https:\\\/\\\/www.karekod.org\\\/blog\\\/yazar\\\/muharrem-eminoglu\\\/\"}]}<\/script>\n<!-- \/ Yoast SEO plugin. -->","yoast_head_json":{"title":"Kullan\u0131m \u015eartlar\u0131 ve H\u00fck\u00fcmler - Karekod Blog","description":"Kullan\u0131m \u015eartlar\u0131 ve H\u00fck\u00fcmler: Bu internet sitesi (karekod.org\/blog), Karekod Blog taraf\u0131ndan i\u015fletilmektedir. Siteyi ziyaret eden..","robots":{"index":"index","follow":"follow","max-snippet":"max-snippet:-1","max-image-preview":"max-image-preview:large","max-video-preview":"max-video-preview:-1"},"canonical":"https:\/\/www.karekod.org\/blog\/kullanim-sartlari-ve-hukumler\/","og_locale":"tr_TR","og_type":"article","og_title":"Kullan\u0131m \u015eartlar\u0131 ve H\u00fck\u00fcmler - Karekod Blog","og_description":"Kullan\u0131m \u015eartlar\u0131 ve H\u00fck\u00fcmler: Bu internet sitesi (karekod.org\/blog), Karekod Blog taraf\u0131ndan i\u015fletilmektedir. Siteyi ziyaret eden..","og_url":"https:\/\/www.karekod.org\/blog\/kullanim-sartlari-ve-hukumler\/","og_site_name":"Karekod Blog","article_publisher":"https:\/\/www.facebook.com\/QarMenu\/","article_modified_time":"2026-02-19T21:57:41+00:00","og_image":[{"width":512,"height":512,"url":"https:\/\/www.karekod.org\/blog\/wp-content\/uploads\/2025\/01\/logo.webp","type":"image\/webp"}],"twitter_card":"summary_large_image","twitter_site":"@temassizmenu","twitter_misc":{"Tahmini okuma s\u00fcresi":"2 dakika"},"schema":{"@context":"https:\/\/schema.org","@graph":[{"@type":["Article","BlogPosting"],"@id":"https:\/\/www.karekod.org\/blog\/kullanim-sartlari-ve-hukumler\/#article","isPartOf":{"@id":"https:\/\/www.karekod.org\/blog\/kullanim-sartlari-ve-hukumler\/"},"author":{"@type":"Person","@id":"https:\/\/www.karekod.org\/blog\/yazar\/muharrem-eminoglu\/","name":"Muharrem Emino\u011flu","url":"https:\/\/www.karekod.org\/blog\/yazar\/muharrem-eminoglu\/","image":{"@type":"ImageObject","url":"https:\/\/www.karekod.org\/blog\/wp-content\/uploads\/2026\/04\/muharrememinoglu-1.webp"},"description":"SEO, veri analizi ve dijital i\u00e7erik stratejisi alan\u0131nda uzman yazar. Karekod Blog \u00fczerinde g\u00fcncel analizler ve rehber i\u00e7erikler \u00fcretir.","jobTitle":"SEO Uzman\u0131 ve Dijital \u0130\u00e7erik \u00dcreticisi","sameAs":["https:\/\/www.facebook.com\/mentor.perplexed\/","https:\/\/www.linkedin.com\/in\/eminoglu\/","https:\/\/x.com\/MentorPerplexed","https:\/\/www.instagram.com\/mentorperplexed\/"]},"headline":"Kullan\u0131m \u015eartlar\u0131 ve H\u00fck\u00fcmler","datePublished":"2026-02-19T21:57:40+00:00","dateModified":"2026-02-19T21:57:41+00:00","mainEntityOfPage":{"@id":"https:\/\/www.karekod.org\/blog\/kullanim-sartlari-ve-hukumler\/"},"wordCount":316,"publisher":{"@id":"https:\/\/www.karekod.org\/blog\/#organization"},"inLanguage":"tr"},{"@type":"WebPage","@id":"https:\/\/www.karekod.org\/blog\/kullanim-sartlari-ve-hukumler\/","url":"https:\/\/www.karekod.org\/blog\/kullanim-sartlari-ve-hukumler\/","name":"Kullan\u0131m \u015eartlar\u0131 ve H\u00fck\u00fcmler - Karekod Blog","isPartOf":{"@id":"https:\/\/www.karekod.org\/blog\/#website"},"datePublished":"2026-02-19T21:57:40+00:00","dateModified":"2026-02-19T21:57:41+00:00","description":"Kullan\u0131m \u015eartlar\u0131 ve H\u00fck\u00fcmler: Bu internet sitesi (karekod.org\/blog), Karekod Blog taraf\u0131ndan i\u015fletilmektedir. Siteyi ziyaret eden..","breadcrumb":{"@id":"https:\/\/www.karekod.org\/blog\/kullanim-sartlari-ve-hukumler\/#breadcrumb"},"inLanguage":"tr","potentialAction":[{"@type":"ReadAction","target":["https:\/\/www.karekod.org\/blog\/kullanim-sartlari-ve-hukumler\/"]}]},{"@type":"BreadcrumbList","@id":"https:\/\/www.karekod.org\/blog\/kullanim-sartlari-ve-hukumler\/#breadcrumb","itemListElement":[{"@type":"ListItem","position":1,"name":"Ana sayfa","item":"https:\/\/www.karekod.org\/blog\/"},{"@type":"ListItem","position":2,"name":"Kullan\u0131m \u015eartlar\u0131 ve H\u00fck\u00fcmler"}]},{"@type":"WebSite","@id":"https:\/\/www.karekod.org\/blog\/#website","url":"https:\/\/www.karekod.org\/blog\/","name":"Karekod Blog","description":"2026 G\u00fcncel Alkol Fiyatlar\u0131 ve Piyasa Rehberi","publisher":{"@id":"https:\/\/www.karekod.org\/blog\/#organization"},"alternateName":"Karekod Haber","potentialAction":[{"@type":"SearchAction","target":{"@type":"EntryPoint","urlTemplate":"https:\/\/www.karekod.org\/blog\/?s={search_term_string}"},"query-input":{"@type":"PropertyValueSpecification","valueRequired":true,"valueName":"search_term_string"}}],"inLanguage":"tr"},{"@type":"Organization","@id":"https:\/\/www.karekod.org\/blog\/#organization","name":"Karekod Blog","alternateName":"Karekod Haber","url":"https:\/\/www.karekod.org\/blog\/","logo":{"@type":"ImageObject","inLanguage":"tr","@id":"https:\/\/www.karekod.org\/blog\/#\/schema\/logo\/image\/","url":"https:\/\/www.karekod.org\/blog\/wp-content\/uploads\/2025\/01\/cropped-logo.webp","contentUrl":"https:\/\/www.karekod.org\/blog\/wp-content\/uploads\/2025\/01\/cropped-logo.webp","width":512,"height":384,"caption":"Karekod Blog"},"image":{"@id":"https:\/\/www.karekod.org\/blog\/#\/schema\/logo\/image\/"},"sameAs":["https:\/\/www.facebook.com\/QarMenu\/","https:\/\/x.com\/temassizmenu","https:\/\/www.instagram.com\/qarmenu\/","https:\/\/www.linkedin.com\/company\/karekod\/","https:\/\/tr.pinterest.com\/dijitalmenu\/","https:\/\/www.youtube.com\/@qrmenu","https:\/\/karekodmenu.tumblr.com\/","https:\/\/karekod.medium.com\/","https:\/\/www.diigo.com\/user\/karekod","https:\/\/mastodon.social\/@karekod","https:\/\/vk.com\/karekod","https:\/\/flipboard.com\/@karekod","https:\/\/www.quora.com\/profile\/Karekod-Haber","https:\/\/note.com\/karekod"]},{"@type":"Person","@id":"https:\/\/www.karekod.org\/blog\/#\/schema\/person\/8c87c879aca1c63c7438bf937a5da8bd","name":"Muharrem Emino\u011flu","pronouns":"he\/him","description":"Veri analizi ve dijital raporlama s\u00fcre\u00e7lerinde yenilik\u00e7i yakla\u015f\u0131mlar benimseyerek s\u00fcrd\u00fcr\u00fclebilir i\u015f modelleri \u00fczerine \u00e7al\u0131\u015fmalar yap\u0131yorum. Teknoloji, ekonomi ve dijital pazarlama alanlar\u0131nda g\u00fcncel ve g\u00fcvenilir i\u00e7erikler \u00fcretiyorum.","sameAs":["https:\/\/www.karekod.org","https:\/\/www.facebook.com\/mentor.perplexed\/","https:\/\/www.instagram.com\/mentorperplexed\/","https:\/\/www.linkedin.com\/in\/eminoglu\/","https:\/\/www.pinterest.de\/dijitalmenu\/","https:\/\/x.com\/temassizmenu","https:\/\/www.youtube.com\/channel\/UC_vI-xTP9NegNfIqSGoesGg","https:\/\/qrmenu.tumblr.com\/"],"url":"https:\/\/www.karekod.org\/blog\/yazar\/muharrem-eminoglu\/"}]}},"_links":{"self":[{"href":"https:\/\/www.karekod.org\/blog\/wp-json\/wp\/v2\/pages\/54326","targetHints":{"allow":["GET"]}}],"collection":[{"href":"https:\/\/www.karekod.org\/blog\/wp-json\/wp\/v2\/pages"}],"about":[{"href":"https:\/\/www.karekod.org\/blog\/wp-json\/wp\/v2\/types\/page"}],"author":[{"embeddable":true,"href":"https:\/\/www.karekod.org\/blog\/wp-json\/wp\/v2\/users\/1"}],"replies":[{"embeddable":true,"href":"https:\/\/www.karekod.org\/blog\/wp-json\/wp\/v2\/comments?post=54326"}],"version-history":[{"count":0,"href":"https:\/\/www.karekod.org\/blog\/wp-json\/wp\/v2\/pages\/54326\/revisions"}],"wp:attachment":[{"href":"https:\/\/www.karekod.org\/blog\/wp-json\/wp\/v2\/media?parent=54326"}],"curies":[{"name":"wp","href":"https:\/\/api.w.org\/{rel}","templated":true}]}}