{"id":59,"date":"2018-11-16T05:37:43","date_gmt":"2018-11-16T05:37:43","guid":{"rendered":"http:\/\/demo.acmethemes.com\/restaurant-recipe\/?page_id=226"},"modified":"2022-05-25T16:05:19","modified_gmt":"2022-05-25T16:05:19","slug":"kasapkofte","status":"publish","type":"page","link":"https:\/\/www.karekod.org\/bedretmenu\/kasapkofte\/","title":{"rendered":"Kasap K\u00f6fte"},"content":{"rendered":"\n<p>Kasap K\u00f6fte Bilgileri. (1KG)<\/p>\n","protected":false},"excerpt":{"rendered":"<p>Patates k\u0131zarmas\u0131 ve k\u00f6zde domates biber ile servis edilmektedir.<\/p>\n","protected":false},"author":1,"featured_media":2755,"parent":0,"menu_order":0,"comment_status":"closed","ping_status":"closed","template":"","meta":{"footnotes":""},"class_list":["post-59","page","type-page","status-publish","has-post-thumbnail","hentry"],"_links":{"self":[{"href":"https:\/\/www.karekod.org\/bedretmenu\/wp-json\/wp\/v2\/pages\/59","targetHints":{"allow":["GET"]}}],"collection":[{"href":"https:\/\/www.karekod.org\/bedretmenu\/wp-json\/wp\/v2\/pages"}],"about":[{"href":"https:\/\/www.karekod.org\/bedretmenu\/wp-json\/wp\/v2\/types\/page"}],"author":[{"embeddable":true,"href":"https:\/\/www.karekod.org\/bedretmenu\/wp-json\/wp\/v2\/users\/1"}],"replies":[{"embeddable":true,"href":"https:\/\/www.karekod.org\/bedretmenu\/wp-json\/wp\/v2\/comments?post=59"}],"version-history":[{"count":11,"href":"https:\/\/www.karekod.org\/bedretmenu\/wp-json\/wp\/v2\/pages\/59\/revisions"}],"predecessor-version":[{"id":2696,"href":"https:\/\/www.karekod.org\/bedretmenu\/wp-json\/wp\/v2\/pages\/59\/revisions\/2696"}],"wp:featuredmedia":[{"embeddable":true,"href":"https:\/\/www.karekod.org\/bedretmenu\/wp-json\/wp\/v2\/media\/2755"}],"wp:attachment":[{"href":"https:\/\/www.karekod.org\/bedretmenu\/wp-json\/wp\/v2\/media?parent=59"}],"curies":[{"name":"wp","href":"https:\/\/api.w.org\/{rel}","templated":true}]}}