{"id":119,"date":"2018-11-15T11:25:22","date_gmt":"2018-11-15T11:25:22","guid":{"rendered":"http:\/\/demo.acmethemes.com\/restaurant-recipe\/?page_id=67"},"modified":"2023-09-27T12:40:16","modified_gmt":"2023-09-27T12:40:16","slug":"antrikot","status":"publish","type":"page","link":"https:\/\/www.karekod.org\/bedretmenu\/","title":{"rendered":"Antrikot"},"content":{"rendered":"<p>K\u00f6m\u00fcr alevinde ..<\/p>\n","protected":false},"excerpt":{"rendered":"<p>K\u00f6m\u00fcr alevinde \u00f6zel sos ile..<\/p>\n","protected":false},"author":1,"featured_media":2528,"parent":0,"menu_order":0,"comment_status":"closed","ping_status":"closed","template":"","meta":{"footnotes":""},"class_list":["post-119","page","type-page","status-publish","has-post-thumbnail","hentry"],"_links":{"self":[{"href":"https:\/\/www.karekod.org\/bedretmenu\/wp-json\/wp\/v2\/pages\/119","targetHints":{"allow":["GET"]}}],"collection":[{"href":"https:\/\/www.karekod.org\/bedretmenu\/wp-json\/wp\/v2\/pages"}],"about":[{"href":"https:\/\/www.karekod.org\/bedretmenu\/wp-json\/wp\/v2\/types\/page"}],"author":[{"embeddable":true,"href":"https:\/\/www.karekod.org\/bedretmenu\/wp-json\/wp\/v2\/users\/1"}],"replies":[{"embeddable":true,"href":"https:\/\/www.karekod.org\/bedretmenu\/wp-json\/wp\/v2\/comments?post=119"}],"version-history":[{"count":6,"href":"https:\/\/www.karekod.org\/bedretmenu\/wp-json\/wp\/v2\/pages\/119\/revisions"}],"predecessor-version":[{"id":2737,"href":"https:\/\/www.karekod.org\/bedretmenu\/wp-json\/wp\/v2\/pages\/119\/revisions\/2737"}],"wp:featuredmedia":[{"embeddable":true,"href":"https:\/\/www.karekod.org\/bedretmenu\/wp-json\/wp\/v2\/media\/2528"}],"wp:attachment":[{"href":"https:\/\/www.karekod.org\/bedretmenu\/wp-json\/wp\/v2\/media?parent=119"}],"curies":[{"name":"wp","href":"https:\/\/api.w.org\/{rel}","templated":true}]}}